{"id":1134,"date":"2025-05-28T18:14:50","date_gmt":"2025-05-28T16:14:50","guid":{"rendered":"http:\/\/hosting2545269.online.pro\/home\/virtual\/clients\/client6\/web182\/web\/?page_id=1134"},"modified":"2025-06-26T15:19:20","modified_gmt":"2025-06-26T13:19:20","slug":"archiwum-formularze","status":"publish","type":"page","link":"https:\/\/archiwa.diecezja.lublin.pl\/index.php\/archiwum-formularze\/","title":{"rendered":"Archiwum formularze"},"content":{"rendered":"<div class=\"woocommerce\">\n    \n    <section class=\"u-clearfix u-valign-top-lg u-valign-top-md u-valign-top-sm u-valign-top-xs u-white u-section-2\" id=\"sec-cdf7\">\n      <div class=\"u-clearfix u-sheet u-sheet-1\">\n        <img decoding=\"async\" class=\"u-absolute-hcenter u-expanded-height u-image u-image-contain u-image-1\" src=\"https:\/\/archiwa.diecezja.lublin.pl\/wp-content\/uploads\/2025\/06\/image_with_white_gradient_border-2.png\" data-image-width=\"2000\" data-image-height=\"731\">\n      <\/div>\n    <\/section>\n    <section class=\"u-clearfix u-grey-5 u-section-3\" id=\"block-2\">\n      <div class=\"u-clearfix u-sheet u-valign-middle-lg u-sheet-1\">\n        <p class=\"u-align-left u-text u-text-1\"> Formularz nr 1<br><b>Podanie<\/b> -&nbsp;<a target=\"_blank\" href=\"https:\/\/archiwa.diecezja.lublin.pl\/wp-content\/uploads\/2025\/06\/PODANIEFormularznr1.docx\" class=\"u-active-none u-border-none u-btn u-button-style u-file-link u-hover-none u-none u-text-palette-1-base u-btn-1\">pobierz<\/a>\n        <\/p>\n        <p class=\"u-align-left u-text u-text-2\"> Formularz nr 2<br><b>O\u015bwiadczenie<\/b> -&nbsp;<a target=\"_blank\" href=\"https:\/\/archiwa.diecezja.lublin.pl\/wp-content\/uploads\/2025\/06\/OWIADCZENIEFormularznr2-2.doc\" class=\"u-active-none u-border-none u-btn u-button-style u-file-link u-hover-none u-none u-text-palette-1-base u-btn-2\">pobierz<\/a>\n        <\/p>\n        <p class=\"u-align-left u-text u-text-3\"> Formularz nr 3<br><b>Rewers<\/b> -&nbsp;<a target=\"_blank\" href=\"https:\/\/archiwa.diecezja.lublin.pl\/wp-content\/uploads\/2025\/06\/RewersFormularznr3x4.doc\" class=\"u-active-none u-border-none u-btn u-button-style u-file-link u-hover-none u-none u-text-palette-1-base u-btn-3\">pobierz<\/a>\n        <\/p>\n        <p class=\"u-align-left u-text u-text-4\"> Formularz nr 4<br><span style=\"font-weight: 700;\">Zam\u00f3wienie na us\u0142ug\u0119 reprograficzn\u0105<\/span>&nbsp;-&nbsp;<a target=\"_blank\" href=\"https:\/\/archiwa.diecezja.lublin.pl\/wp-content\/uploads\/2025\/06\/ZAMWIENIENAUSUGREPROGRAFICZNFormularznr4.doc\" class=\"u-active-none u-border-none u-btn u-button-style u-file-link u-hover-none u-none u-text-palette-1-base u-btn-4\">pobierz<\/a>\n        <\/p>\n        <p class=\"u-align-left u-text u-text-5\"> Formularz nr 5<br><b>Klauzula informacyjna RODO<\/b>&nbsp;-&nbsp;<a target=\"_blank\" href=\"https:\/\/archiwa.diecezja.lublin.pl\/wp-content\/uploads\/2025\/06\/KLAUZULAINFORMACYJNAFormularznr5.doc\" class=\"u-active-none u-border-none u-btn u-button-style u-file-link u-hover-none u-none u-text-palette-1-base u-btn-5\">pobierz<\/a>\n        <\/p>\n        <img decoding=\"async\" class=\"u-image u-image-default u-image-1\" src=\"https:\/\/archiwa.diecezja.lublin.pl\/wp-content\/uploads\/2025\/05\/4823298050.jpg\" alt=\"\" data-image-width=\"904\" data-image-height=\"600\">\n        <img decoding=\"async\" class=\"u-image u-image-default u-image-2\" src=\"https:\/\/archiwa.diecezja.lublin.pl\/wp-content\/uploads\/2025\/05\/6762217699.jpg\" alt=\"\" data-image-width=\"904\" data-image-height=\"600\">\n      <\/div>\n    <\/section>\n    \n    \n    \n    \n  \n<\/div>","protected":false},"excerpt":{"rendered":"<p>Formularz nr 1Podanie &#8211;&nbsp;pobierz Formularz nr 2O\u015bwiadczenie &#8211;&nbsp;pobierz Formularz nr 3Rewers &#8211;&nbsp;pobierz Formularz nr 4Zam\u00f3wienie na us\u0142ug\u0119 reprograficzn\u0105&nbsp;&#8211;&nbsp;pobierz Formularz nr 5Klauzula informacyjna RODO&nbsp;&#8211;&nbsp;pobierz<\/p>\n","protected":false},"author":1,"featured_media":0,"parent":0,"menu_order":0,"comment_status":"closed","ping_status":"closed","template":"","meta":{"footnotes":""},"class_list":["post-1134","page","type-page","status-publish","hentry"],"_links":{"self":[{"href":"https:\/\/archiwa.diecezja.lublin.pl\/index.php\/wp-json\/wp\/v2\/pages\/1134","targetHints":{"allow":["GET"]}}],"collection":[{"href":"https:\/\/archiwa.diecezja.lublin.pl\/index.php\/wp-json\/wp\/v2\/pages"}],"about":[{"href":"https:\/\/archiwa.diecezja.lublin.pl\/index.php\/wp-json\/wp\/v2\/types\/page"}],"author":[{"embeddable":true,"href":"https:\/\/archiwa.diecezja.lublin.pl\/index.php\/wp-json\/wp\/v2\/users\/1"}],"replies":[{"embeddable":true,"href":"https:\/\/archiwa.diecezja.lublin.pl\/index.php\/wp-json\/wp\/v2\/comments?post=1134"}],"version-history":[{"count":7,"href":"https:\/\/archiwa.diecezja.lublin.pl\/index.php\/wp-json\/wp\/v2\/pages\/1134\/revisions"}],"predecessor-version":[{"id":1327,"href":"https:\/\/archiwa.diecezja.lublin.pl\/index.php\/wp-json\/wp\/v2\/pages\/1134\/revisions\/1327"}],"wp:attachment":[{"href":"https:\/\/archiwa.diecezja.lublin.pl\/index.php\/wp-json\/wp\/v2\/media?parent=1134"}],"curies":[{"name":"wp","href":"https:\/\/api.w.org\/{rel}","templated":true}]}}