{"id":1116,"date":"2025-05-28T18:15:48","date_gmt":"2025-05-28T16:15:48","guid":{"rendered":"http:\/\/hosting2545269.online.pro\/home\/virtual\/clients\/client6\/web182\/web\/?page_id=1116"},"modified":"2025-06-11T17:41:18","modified_gmt":"2025-06-11T15:41:18","slug":"archiwum-ksiegozbior","status":"publish","type":"page","link":"https:\/\/archiwa.diecezja.lublin.pl\/index.php\/archiwum-ksiegozbior\/","title":{"rendered":"Archiwum ksi\u0119gozbi\u00f3r"},"content":{"rendered":"<div class=\"woocommerce\">\n    \n    <section class=\"u-clearfix u-valign-top-lg u-valign-top-md u-valign-top-sm u-valign-top-xs u-white u-section-2\" id=\"sec-bd78\">\n      <div class=\"u-clearfix u-sheet u-sheet-1\">\n        <img decoding=\"async\" class=\"u-absolute-hcenter u-expanded-height u-image u-image-contain u-image-1\" src=\"https:\/\/archiwa.diecezja.lublin.pl\/wp-content\/uploads\/2025\/06\/image_with_white_gradient_border-10.png\" data-image-width=\"2000\" data-image-height=\"731\">\n      <\/div>\n    <\/section>\n    <section class=\"u-clearfix u-grey-5 u-section-3\" id=\"block-2\">\n      <div class=\"u-clearfix u-sheet u-sheet-1\">\n        <img decoding=\"async\" class=\"u-expanded-width-sm u-expanded-width-xs u-image u-image-default u-image-1\" src=\"https:\/\/archiwa.diecezja.lublin.pl\/wp-content\/uploads\/2025\/05\/DSC_0044.jpg\" alt=\"\" data-image-width=\"399\" data-image-height=\"600\">\n        <p class=\"u-align-left u-text u-text-1\"> Archiwum dysponuje ksi\u0119gozbiorem podr\u0119cznym w postaci drukowanych pozycji czasopi\u015bmienniczych i ksi\u0105\u017ckowych, u\u017cytecznych podczas korzystania z zasobu archiwalnego. Sk\u0142adaj\u0105 si\u0119 na\u0144 zw\u0142aszcza publikacje dotycz\u0105ce ko\u015bcielnych dziej\u00f3w Lubelszczyzny i Che\u0142mszczyzny, schematyzmy diecezjalne oraz kompletna edycja czasopisma b\u0119d\u0105cego oficjalnym organem archidiecezji Wiadomo\u015bci Archidiecezjalne Lubelskie.<\/p>\n      <\/div>\n    <\/section>\n    \n    \n    \n    \n  \n<\/div>","protected":false},"excerpt":{"rendered":"<p>Archiwum dysponuje ksi\u0119gozbiorem podr\u0119cznym w postaci drukowanych pozycji czasopi\u015bmienniczych i ksi\u0105\u017ckowych, u\u017cytecznych podczas korzystania z zasobu archiwalnego. Sk\u0142adaj\u0105 si\u0119 na\u0144 zw\u0142aszcza publikacje dotycz\u0105ce ko\u015bcielnych dziej\u00f3w Lubelszczyzny i Che\u0142mszczyzny, schematyzmy diecezjalne oraz kompletna edycja czasopisma b\u0119d\u0105cego oficjalnym organem archidiecezji Wiadomo\u015bci Archidiecezjalne Lubelskie.<\/p>\n","protected":false},"author":1,"featured_media":0,"parent":0,"menu_order":0,"comment_status":"closed","ping_status":"closed","template":"","meta":{"footnotes":""},"class_list":["post-1116","page","type-page","status-publish","hentry"],"_links":{"self":[{"href":"https:\/\/archiwa.diecezja.lublin.pl\/index.php\/wp-json\/wp\/v2\/pages\/1116","targetHints":{"allow":["GET"]}}],"collection":[{"href":"https:\/\/archiwa.diecezja.lublin.pl\/index.php\/wp-json\/wp\/v2\/pages"}],"about":[{"href":"https:\/\/archiwa.diecezja.lublin.pl\/index.php\/wp-json\/wp\/v2\/types\/page"}],"author":[{"embeddable":true,"href":"https:\/\/archiwa.diecezja.lublin.pl\/index.php\/wp-json\/wp\/v2\/users\/1"}],"replies":[{"embeddable":true,"href":"https:\/\/archiwa.diecezja.lublin.pl\/index.php\/wp-json\/wp\/v2\/comments?post=1116"}],"version-history":[{"count":6,"href":"https:\/\/archiwa.diecezja.lublin.pl\/index.php\/wp-json\/wp\/v2\/pages\/1116\/revisions"}],"predecessor-version":[{"id":1295,"href":"https:\/\/archiwa.diecezja.lublin.pl\/index.php\/wp-json\/wp\/v2\/pages\/1116\/revisions\/1295"}],"wp:attachment":[{"href":"https:\/\/archiwa.diecezja.lublin.pl\/index.php\/wp-json\/wp\/v2\/media?parent=1116"}],"curies":[{"name":"wp","href":"https:\/\/api.w.org\/{rel}","templated":true}]}}